{"id":3823,"date":"2025-11-18T07:23:29","date_gmt":"2025-11-18T07:23:29","guid":{"rendered":"http:\/\/freixenet2025.com.local\/at\/?post_type=product&#038;p=3823"},"modified":"2026-04-21T10:06:25","modified_gmt":"2026-04-21T10:06:25","slug":"solare","status":"publish","type":"product","link":"https:\/\/freixenet.com\/at\/produkt\/solare\/","title":{"rendered":"Freixenet Solare"},"content":{"rendered":"\n<div class=\"wp-block-cover is-light\" style=\"min-height:100vh;aspect-ratio:unset;\"><img loading=\"lazy\" decoding=\"async\" width=\"1920\" height=\"1042\" class=\"wp-block-cover__image-background wp-image-3949\" alt=\"\" src=\"https:\/\/freixenet.com\/app\/uploads\/sites\/7\/2025\/11\/aperitivo_range_hero_carta_nevada_optimized.webp\" data-object-fit=\"cover\" srcset=\"https:\/\/freixenet.com\/app\/uploads\/sites\/7\/2025\/11\/aperitivo_range_hero_carta_nevada_optimized.webp 1920w, https:\/\/freixenet.com\/app\/uploads\/sites\/7\/2025\/11\/aperitivo_range_hero_carta_nevada_optimized-300x163.webp 300w, https:\/\/freixenet.com\/app\/uploads\/sites\/7\/2025\/11\/aperitivo_range_hero_carta_nevada_optimized-1024x556.webp 1024w, https:\/\/freixenet.com\/app\/uploads\/sites\/7\/2025\/11\/aperitivo_range_hero_carta_nevada_optimized-768x417.webp 768w, https:\/\/freixenet.com\/app\/uploads\/sites\/7\/2025\/11\/aperitivo_range_hero_carta_nevada_optimized-1536x834.webp 1536w, https:\/\/freixenet.com\/app\/uploads\/sites\/7\/2025\/11\/aperitivo_range_hero_carta_nevada_optimized-360x195.webp 360w, https:\/\/freixenet.com\/app\/uploads\/sites\/7\/2025\/11\/aperitivo_range_hero_carta_nevada_optimized-500x271.webp 500w\" sizes=\"auto, (max-width: 1920px) 100vw, 1920px\" \/><span aria-hidden=\"true\" class=\"wp-block-cover__background has-background-dim-0 has-background-dim\"><\/span><div class=\"wp-block-cover__inner-container is-layout-flow wp-block-cover-is-layout-flow\"><div class=\"wp-bootstrap-blocks-container container\">\n\t\n<div class=\"wp-bootstrap-blocks-row row justify-content-center\">\n\t\n\n<div class=\"col-12 col-md-6\">\n\t\t\t\n\n<style>.glassy-button {display: flex;\n    align-items: center;\n    gap: 4px;\n    border: none;\n    cursor: pointer;\n    text-decoration: none;\n    font-family: var(--solare-font);\n    font-weight: 700;\n    text-transform: uppercase;\n    color: var(--solare-navy);\n    white-space: nowrap;\n    padding: .5em 1em;\n    text-box-trim: trim-end;\n    border-radius: 32px;\n    background: #ffffff80;\n    -webkit-backdrop-filter: blur(2px);\n    backdrop-filter: blur(2px);\n    box-shadow: 0 0 0 1px #fff inset, 0 -1px #fff inset;}<\/style>\n\n\n\n<div class=\"wp-block-group is-vertical is-content-justification-center is-layout-flex wp-container-core-group-is-layout-ce155fab wp-block-group-is-layout-flex\">\n<p class=\"has-text-align-center has-solare-navy-color has-text-color has-link-color has-heading-md-font-size wp-elements-8afb25f9063bdaadc267f897e6731190\" style=\"text-transform:uppercase\"><a href=\"https:\/\/shop.sektgenuss.at\/produkt\/freixenet-solare\/\" type=\"link\" id=\"https:\/\/shop.sektgenuss.at\/produkt\/freixenet-solare\/\" class=\"glassy-button\">Jetzt bestellen<\/a><\/p>\n<\/div>\n\n\t<\/div>\n\n<\/div>\n\n<\/div>\n<\/div><\/div>\n","protected":false},"excerpt":{"rendered":"","protected":false},"featured_media":3950,"menu_order":0,"template":"templates\/solare.php","meta":{"_acf_changed":false,"footnotes":""},"range":[89],"class_list":["post-3823","product","type-product","status-publish","has-post-thumbnail","hentry","range-aperitifs"],"acf":[],"yoast_head":"<!-- This site is optimized with the Yoast SEO plugin v27.4 - https:\/\/yoast.com\/product\/yoast-seo-wordpress\/ -->\n<title>Freixenet Solare - Freixenet Austria<\/title>\n<meta name=\"robots\" content=\"index, follow, max-snippet:-1, max-image-preview:large, max-video-preview:-1\" \/>\n<link rel=\"canonical\" href=\"https:\/\/freixenet.com\/at\/produkt\/solare\/\" \/>\n<meta property=\"og:locale\" content=\"de_DE\" \/>\n<meta property=\"og:type\" content=\"article\" \/>\n<meta property=\"og:title\" content=\"Freixenet Solare - Freixenet Austria\" \/>\n<meta property=\"og:url\" content=\"https:\/\/freixenet.com\/at\/produkt\/solare\/\" \/>\n<meta property=\"og:site_name\" content=\"Freixenet Austria\" \/>\n<meta property=\"article:modified_time\" content=\"2026-04-21T10:06:25+00:00\" \/>\n<meta property=\"og:image\" content=\"https:\/\/freixenet.com\/app\/uploads\/sites\/7\/2025\/11\/solare-bottle-bigpic.png\" \/>\n\t<meta property=\"og:image:width\" content=\"836\" \/>\n\t<meta property=\"og:image:height\" content=\"2356\" \/>\n\t<meta property=\"og:image:type\" content=\"image\/png\" \/>\n<meta name=\"twitter:card\" content=\"summary_large_image\" \/>\n<meta name=\"twitter:label1\" content=\"Gesch\u00e4tzte Lesezeit\" \/>\n\t<meta name=\"twitter:data1\" content=\"1\u00a0Minute\" \/>\n<script type=\"application\/ld+json\" class=\"yoast-schema-graph\">{\"@context\":\"https:\\\/\\\/schema.org\",\"@graph\":[{\"@type\":\"WebPage\",\"@id\":\"https:\\\/\\\/freixenet.com\\\/at\\\/produkt\\\/solare\\\/\",\"url\":\"https:\\\/\\\/freixenet.com\\\/at\\\/produkt\\\/solare\\\/\",\"name\":\"Freixenet Solare - Freixenet Austria\",\"isPartOf\":{\"@id\":\"https:\\\/\\\/freixenet.com\\\/at\\\/#website\"},\"primaryImageOfPage\":{\"@id\":\"https:\\\/\\\/freixenet.com\\\/at\\\/produkt\\\/solare\\\/#primaryimage\"},\"image\":{\"@id\":\"https:\\\/\\\/freixenet.com\\\/at\\\/produkt\\\/solare\\\/#primaryimage\"},\"thumbnailUrl\":\"https:\\\/\\\/freixenet.com\\\/app\\\/uploads\\\/sites\\\/7\\\/2025\\\/11\\\/solare-bottle-bigpic.png\",\"datePublished\":\"2025-11-18T07:23:29+00:00\",\"dateModified\":\"2026-04-21T10:06:25+00:00\",\"breadcrumb\":{\"@id\":\"https:\\\/\\\/freixenet.com\\\/at\\\/produkt\\\/solare\\\/#breadcrumb\"},\"inLanguage\":\"de\",\"potentialAction\":[{\"@type\":\"ReadAction\",\"target\":[\"https:\\\/\\\/freixenet.com\\\/at\\\/produkt\\\/solare\\\/\"]}]},{\"@type\":\"ImageObject\",\"inLanguage\":\"de\",\"@id\":\"https:\\\/\\\/freixenet.com\\\/at\\\/produkt\\\/solare\\\/#primaryimage\",\"url\":\"https:\\\/\\\/freixenet.com\\\/app\\\/uploads\\\/sites\\\/7\\\/2025\\\/11\\\/solare-bottle-bigpic.png\",\"contentUrl\":\"https:\\\/\\\/freixenet.com\\\/app\\\/uploads\\\/sites\\\/7\\\/2025\\\/11\\\/solare-bottle-bigpic.png\",\"width\":836,\"height\":2356},{\"@type\":\"BreadcrumbList\",\"@id\":\"https:\\\/\\\/freixenet.com\\\/at\\\/produkt\\\/solare\\\/#breadcrumb\",\"itemListElement\":[{\"@type\":\"ListItem\",\"position\":1,\"name\":\"Home\",\"item\":\"https:\\\/\\\/freixenet.com\\\/at\\\/\"},{\"@type\":\"ListItem\",\"position\":2,\"name\":\"Aperitifs\",\"item\":\"https:\\\/\\\/freixenet.com\\\/at\\\/produktkategorien\\\/aperitifs\\\/\"},{\"@type\":\"ListItem\",\"position\":3,\"name\":\"Freixenet Solare\"}]},{\"@type\":\"WebSite\",\"@id\":\"https:\\\/\\\/freixenet.com\\\/at\\\/#website\",\"url\":\"https:\\\/\\\/freixenet.com\\\/at\\\/\",\"name\":\"Freixenet Deutschland\",\"description\":\"Die bekanntesten Weing\u00fcter von Freixenet vereinen Tradition und Innovation und verf\u00fcgen \u00fcber die tiefsten alten Weinkeller, die sich 20 Meter unter der Erde befinden.\",\"publisher\":{\"@id\":\"https:\\\/\\\/freixenet.com\\\/at\\\/#organization\"},\"potentialAction\":[{\"@type\":\"SearchAction\",\"target\":{\"@type\":\"EntryPoint\",\"urlTemplate\":\"https:\\\/\\\/freixenet.com\\\/at\\\/?s={search_term_string}\"},\"query-input\":{\"@type\":\"PropertyValueSpecification\",\"valueRequired\":true,\"valueName\":\"search_term_string\"}}],\"inLanguage\":\"de\"},{\"@type\":\"Organization\",\"@id\":\"https:\\\/\\\/freixenet.com\\\/at\\\/#organization\",\"name\":\"Freixenet Deutschland\",\"url\":\"https:\\\/\\\/freixenet.com\\\/at\\\/\",\"logo\":{\"@type\":\"ImageObject\",\"inLanguage\":\"de\",\"@id\":\"https:\\\/\\\/freixenet.com\\\/at\\\/#\\\/schema\\\/logo\\\/image\\\/\",\"url\":\"https:\\\/\\\/freixenet.com\\\/app\\\/uploads\\\/sites\\\/7\\\/2025\\\/06\\\/freixenet-site-icon.png\",\"contentUrl\":\"https:\\\/\\\/freixenet.com\\\/app\\\/uploads\\\/sites\\\/7\\\/2025\\\/06\\\/freixenet-site-icon.png\",\"width\":512,\"height\":512,\"caption\":\"Freixenet Deutschland\"},\"image\":{\"@id\":\"https:\\\/\\\/freixenet.com\\\/at\\\/#\\\/schema\\\/logo\\\/image\\\/\"}}]}<\/script>\n<!-- \/ Yoast SEO plugin. -->","yoast_head_json":{"title":"Freixenet Solare - Freixenet Austria","robots":{"index":"index","follow":"follow","max-snippet":"max-snippet:-1","max-image-preview":"max-image-preview:large","max-video-preview":"max-video-preview:-1"},"canonical":"https:\/\/freixenet.com\/at\/produkt\/solare\/","og_locale":"de_DE","og_type":"article","og_title":"Freixenet Solare - Freixenet Austria","og_url":"https:\/\/freixenet.com\/at\/produkt\/solare\/","og_site_name":"Freixenet Austria","article_modified_time":"2026-04-21T10:06:25+00:00","og_image":[{"width":836,"height":2356,"url":"https:\/\/freixenet.com\/app\/uploads\/sites\/7\/2025\/11\/solare-bottle-bigpic.png","type":"image\/png"}],"twitter_card":"summary_large_image","twitter_misc":{"Gesch\u00e4tzte Lesezeit":"1\u00a0Minute"},"schema":{"@context":"https:\/\/schema.org","@graph":[{"@type":"WebPage","@id":"https:\/\/freixenet.com\/at\/produkt\/solare\/","url":"https:\/\/freixenet.com\/at\/produkt\/solare\/","name":"Freixenet Solare - Freixenet Austria","isPartOf":{"@id":"https:\/\/freixenet.com\/at\/#website"},"primaryImageOfPage":{"@id":"https:\/\/freixenet.com\/at\/produkt\/solare\/#primaryimage"},"image":{"@id":"https:\/\/freixenet.com\/at\/produkt\/solare\/#primaryimage"},"thumbnailUrl":"https:\/\/freixenet.com\/app\/uploads\/sites\/7\/2025\/11\/solare-bottle-bigpic.png","datePublished":"2025-11-18T07:23:29+00:00","dateModified":"2026-04-21T10:06:25+00:00","breadcrumb":{"@id":"https:\/\/freixenet.com\/at\/produkt\/solare\/#breadcrumb"},"inLanguage":"de","potentialAction":[{"@type":"ReadAction","target":["https:\/\/freixenet.com\/at\/produkt\/solare\/"]}]},{"@type":"ImageObject","inLanguage":"de","@id":"https:\/\/freixenet.com\/at\/produkt\/solare\/#primaryimage","url":"https:\/\/freixenet.com\/app\/uploads\/sites\/7\/2025\/11\/solare-bottle-bigpic.png","contentUrl":"https:\/\/freixenet.com\/app\/uploads\/sites\/7\/2025\/11\/solare-bottle-bigpic.png","width":836,"height":2356},{"@type":"BreadcrumbList","@id":"https:\/\/freixenet.com\/at\/produkt\/solare\/#breadcrumb","itemListElement":[{"@type":"ListItem","position":1,"name":"Home","item":"https:\/\/freixenet.com\/at\/"},{"@type":"ListItem","position":2,"name":"Aperitifs","item":"https:\/\/freixenet.com\/at\/produktkategorien\/aperitifs\/"},{"@type":"ListItem","position":3,"name":"Freixenet Solare"}]},{"@type":"WebSite","@id":"https:\/\/freixenet.com\/at\/#website","url":"https:\/\/freixenet.com\/at\/","name":"Freixenet Deutschland","description":"Die bekanntesten Weing\u00fcter von Freixenet vereinen Tradition und Innovation und verf\u00fcgen \u00fcber die tiefsten alten Weinkeller, die sich 20 Meter unter der Erde befinden.","publisher":{"@id":"https:\/\/freixenet.com\/at\/#organization"},"potentialAction":[{"@type":"SearchAction","target":{"@type":"EntryPoint","urlTemplate":"https:\/\/freixenet.com\/at\/?s={search_term_string}"},"query-input":{"@type":"PropertyValueSpecification","valueRequired":true,"valueName":"search_term_string"}}],"inLanguage":"de"},{"@type":"Organization","@id":"https:\/\/freixenet.com\/at\/#organization","name":"Freixenet Deutschland","url":"https:\/\/freixenet.com\/at\/","logo":{"@type":"ImageObject","inLanguage":"de","@id":"https:\/\/freixenet.com\/at\/#\/schema\/logo\/image\/","url":"https:\/\/freixenet.com\/app\/uploads\/sites\/7\/2025\/06\/freixenet-site-icon.png","contentUrl":"https:\/\/freixenet.com\/app\/uploads\/sites\/7\/2025\/06\/freixenet-site-icon.png","width":512,"height":512,"caption":"Freixenet Deutschland"},"image":{"@id":"https:\/\/freixenet.com\/at\/#\/schema\/logo\/image\/"}}]}},"_links":{"self":[{"href":"https:\/\/freixenet.com\/at\/wp-json\/wp\/v2\/product\/3823","targetHints":{"allow":["GET"]}}],"collection":[{"href":"https:\/\/freixenet.com\/at\/wp-json\/wp\/v2\/product"}],"about":[{"href":"https:\/\/freixenet.com\/at\/wp-json\/wp\/v2\/types\/product"}],"version-history":[{"count":19,"href":"https:\/\/freixenet.com\/at\/wp-json\/wp\/v2\/product\/3823\/revisions"}],"predecessor-version":[{"id":3982,"href":"https:\/\/freixenet.com\/at\/wp-json\/wp\/v2\/product\/3823\/revisions\/3982"}],"wp:featuredmedia":[{"embeddable":true,"href":"https:\/\/freixenet.com\/at\/wp-json\/wp\/v2\/media\/3950"}],"wp:attachment":[{"href":"https:\/\/freixenet.com\/at\/wp-json\/wp\/v2\/media?parent=3823"}],"wp:term":[{"taxonomy":"range","embeddable":true,"href":"https:\/\/freixenet.com\/at\/wp-json\/wp\/v2\/range?post=3823"}],"curies":[{"name":"wp","href":"https:\/\/api.w.org\/{rel}","templated":true}]}}

<!-- This site is optimized with the Yoast SEO plugin v27.4 - https://yoast.com/product/yoast-seo-wordpress/ -->
<title>Freixenet Solare - Freixenet Austria</title>
<meta name="robots" content="index, follow, max-snippet:-1, max-image-preview:large, max-video-preview:-1" />
<link rel="canonical" href="https://freixenet.com/at/produkt/solare/" />
<meta property="og:locale" content="de_DE" />
<meta property="og:type" content="article" />
<meta property="og:title" content="Freixenet Solare - Freixenet Austria" />
<meta property="og:url" content="https://freixenet.com/at/produkt/solare/" />
<meta property="og:site_name" content="Freixenet Austria" />
<meta property="article:modified_time" content="2026-04-21T10:06:25+00:00" />
<meta property="og:image" content="https://freixenet.com/app/uploads/sites/7/2025/11/solare-bottle-bigpic.png" />
	<meta property="og:image:width" content="836" />
	<meta property="og:image:height" content="2356" />
	<meta property="og:image:type" content="image/png" />
<meta name="twitter:card" content="summary_large_image" />
<meta name="twitter:label1" content="Geschätzte Lesezeit" />
	<meta name="twitter:data1" content="1 Minute" />
<script type="application/ld+json" class="yoast-schema-graph">{"@context":"https:\/\/schema.org","@graph":[{"@type":"WebPage","@id":"https:\/\/freixenet.com\/at\/produkt\/solare\/","url":"https:\/\/freixenet.com\/at\/produkt\/solare\/","name":"Freixenet Solare - Freixenet Austria","isPartOf":{"@id":"https:\/\/freixenet.com\/at\/#website"},"primaryImageOfPage":{"@id":"https:\/\/freixenet.com\/at\/produkt\/solare\/#primaryimage"},"image":{"@id":"https:\/\/freixenet.com\/at\/produkt\/solare\/#primaryimage"},"thumbnailUrl":"https:\/\/freixenet.com\/app\/uploads\/sites\/7\/2025\/11\/solare-bottle-bigpic.png","datePublished":"2025-11-18T07:23:29+00:00","dateModified":"2026-04-21T10:06:25+00:00","breadcrumb":{"@id":"https:\/\/freixenet.com\/at\/produkt\/solare\/#breadcrumb"},"inLanguage":"de","potentialAction":[{"@type":"ReadAction","target":["https:\/\/freixenet.com\/at\/produkt\/solare\/"]}]},{"@type":"ImageObject","inLanguage":"de","@id":"https:\/\/freixenet.com\/at\/produkt\/solare\/#primaryimage","url":"https:\/\/freixenet.com\/app\/uploads\/sites\/7\/2025\/11\/solare-bottle-bigpic.png","contentUrl":"https:\/\/freixenet.com\/app\/uploads\/sites\/7\/2025\/11\/solare-bottle-bigpic.png","width":836,"height":2356},{"@type":"BreadcrumbList","@id":"https:\/\/freixenet.com\/at\/produkt\/solare\/#breadcrumb","itemListElement":[{"@type":"ListItem","position":1,"name":"Home","item":"https:\/\/freixenet.com\/at\/"},{"@type":"ListItem","position":2,"name":"Aperitifs","item":"https:\/\/freixenet.com\/at\/produktkategorien\/aperitifs\/"},{"@type":"ListItem","position":3,"name":"Freixenet Solare"}]},{"@type":"WebSite","@id":"https:\/\/freixenet.com\/at\/#website","url":"https:\/\/freixenet.com\/at\/","name":"Freixenet Deutschland","description":"Die bekanntesten Weingüter von Freixenet vereinen Tradition und Innovation und verfügen über die tiefsten alten Weinkeller, die sich 20 Meter unter der Erde befinden.","publisher":{"@id":"https:\/\/freixenet.com\/at\/#organization"},"potentialAction":[{"@type":"SearchAction","target":{"@type":"EntryPoint","urlTemplate":"https:\/\/freixenet.com\/at\/?s={search_term_string}"},"query-input":{"@type":"PropertyValueSpecification","valueRequired":true,"valueName":"search_term_string"}}],"inLanguage":"de"},{"@type":"Organization","@id":"https:\/\/freixenet.com\/at\/#organization","name":"Freixenet Deutschland","url":"https:\/\/freixenet.com\/at\/","logo":{"@type":"ImageObject","inLanguage":"de","@id":"https:\/\/freixenet.com\/at\/#\/schema\/logo\/image\/","url":"https:\/\/freixenet.com\/app\/uploads\/sites\/7\/2025\/06\/freixenet-site-icon.png","contentUrl":"https:\/\/freixenet.com\/app\/uploads\/sites\/7\/2025\/06\/freixenet-site-icon.png","width":512,"height":512,"caption":"Freixenet Deutschland"},"image":{"@id":"https:\/\/freixenet.com\/at\/#\/schema\/logo\/image\/"}}]}</script>
<!-- / Yoast SEO plugin. -->

Die bekanntesten Weingüter von Freixenet vereinen Tradition und Innovation und verfügen über die tiefsten alten Weinkeller, die sich 20 Meter unter der Erde befinden.
