{"id":6457,"date":"2025-07-28T10:05:17","date_gmt":"2025-07-28T10:05:17","guid":{"rendered":"https:\/\/freixenet.com\/ar\/?page_id=6457"},"modified":"2025-07-28T11:04:04","modified_gmt":"2025-07-28T11:04:04","slug":"declaracion-de-accesibilidad","status":"publish","type":"page","link":"https:\/\/freixenet.com\/ar\/declaracion-de-accesibilidad\/","title":{"rendered":"Declaraci\u00f3n de Accesibilidad"},"content":{"rendered":"\n<div class=\"wp-block-group is-vertical is-content-justification-center is-nowrap is-layout-flex wp-container-core-group-is-layout-a31effde wp-block-group-is-layout-flex\">\n<h2 class=\"wp-block-heading has-text-align-center has-secondary-color has-text-color has-link-color has-heading-4-xl-font-size wp-elements-897320d5658166d8f60564b9d412e7f5\" style=\"text-transform:uppercase\"><mark class=\"has-inline-color has-current-color\">declaraci\u00f3n de <\/mark><br><em>ACCESIBILIdad<\/em><\/h2>\n<\/div>\n\n\n<div class=\"wp-bootstrap-blocks-container container\">\n\t\n\n<div style=\"height:100px\" aria-hidden=\"true\" class=\"wp-block-spacer\"><\/div>\n\n\n\n<p class=\"has-text-align-left\">En Freixenet estamos comprometidos en ofrecer un sitio web accesible que garantice la igualdad de acceso y uso a todas las personas, incluidas aquellas con discapacidad. Este sitio web se ha dise\u00f1ado y desarrollado conforme a las Pautas de Accesibilidad al Contenido en la Web (WCAG) 2.1, con nivel de conformidad AA, conforme a los criterios establecidos por el W3C (Consorcio de la Word Wide Web)<\/p>\n\n\n\n<div style=\"height:100px\" aria-hidden=\"true\" class=\"wp-block-spacer\"><\/div>\n\n\n\n<p class=\"has-text-align-left\"><mark class=\"has-inline-color has-accent-dim-800-color\"><strong>ESTADO DE CONFORMIDAD<br><\/strong><\/mark>Actualmente, este sitio es parcialmente conforme con las WCAG 2.1 nivel AA. Aunque se han implementado numerosas mejoras, es posible que algunos contenidos a\u00fan no se hayan adaptado completamente a los est\u00e1ndares de accesibilidad m\u00e1s estrictos. Para mejorar continuamente la accesibilidad de nuestra web, contamos con el apoyo de profesionales especializados y realizamos revisiones peri\u00f3dicas del sitio. Nuestro objetivo es mantener un nivel de conformidad sustancial y continuar avanzando hacia una accesibilidad plena. Estamos trabajando activamente para solucionar los contenidos y elementos que pueden no ser plenamente accesibles y mejorar la experiencia de todos los usuarios.<\/p>\n\n\n\n<div style=\"height:100px\" aria-hidden=\"true\" class=\"wp-block-spacer\"><\/div>\n\n\n\n<p class=\"has-text-align-left\"><strong>FECHA DE LA \u00daLTIMA REVISI\u00d3N<br><\/strong>La \u00faltima revisi\u00f3n de accesibilidad del sitio web se realiz\u00f3 el 25 de junio de 2025, mediante una evaluaci\u00f3n interna con el apoyo de herramientas autom\u00e1ticas y pruebas manuales de navegaci\u00f3n.<\/p>\n\n\n\n<div style=\"height:100px\" aria-hidden=\"true\" class=\"wp-block-spacer\"><\/div>\n\n\n\n<p class=\"has-text-align-left\"><strong>CONTACTO PARA COMUNICACIONES RELACIONADAS CON ACCESIBILIDAD<br><\/strong>Si tienes dificultades con cualquier contenido o ayuda con cualquier parte de nuestro sitio web, detectas alguna incidencia o deseas sugerir mejoras, por favor cont\u00e1ctanos al correo electr\u00f3nico: freixenet@freixenet.com.<\/p>\n\n\n\n<div style=\"height:100px\" aria-hidden=\"true\" class=\"wp-block-spacer\"><\/div>\n\n\n\n<p class=\"has-text-align-left\">Nos comprometemos a aplicar un protocolo de respuesta \u00e1gil para atender todas las solicitudes relacionadas con accesibilidad.<\/p>\n\n<\/div>\n","protected":false},"excerpt":{"rendered":"<p>declaraci\u00f3n de ACCESIBILIdad<\/p>\n","protected":false},"author":2,"featured_media":0,"parent":0,"menu_order":0,"comment_status":"closed","ping_status":"open","template":"","meta":{"_acf_changed":false,"footnotes":""},"class_list":["post-6457","page","type-page","status-publish","hentry"],"acf":[],"yoast_head":"<!-- This site is optimized with the Yoast SEO plugin v27.4 - https:\/\/yoast.com\/product\/yoast-seo-wordpress\/ -->\n<title>Declaraci\u00f3n de Accesibilidad - Freixenet Argentina<\/title>\n<meta name=\"robots\" content=\"index, follow, max-snippet:-1, max-image-preview:large, max-video-preview:-1\" \/>\n<link rel=\"canonical\" href=\"https:\/\/freixenet.com\/ar\/declaracion-de-accesibilidad\/\" \/>\n<meta property=\"og:locale\" content=\"es_ES\" \/>\n<meta property=\"og:type\" content=\"article\" \/>\n<meta property=\"og:title\" content=\"Declaraci\u00f3n de Accesibilidad - Freixenet Argentina\" \/>\n<meta property=\"og:description\" content=\"declaraci\u00f3n de ACCESIBILIdad\" \/>\n<meta property=\"og:url\" content=\"https:\/\/freixenet.com\/ar\/declaracion-de-accesibilidad\/\" \/>\n<meta property=\"og:site_name\" content=\"Freixenet Argentina\" \/>\n<meta property=\"article:modified_time\" content=\"2025-07-28T11:04:04+00:00\" \/>\n<meta name=\"twitter:card\" content=\"summary_large_image\" \/>\n<meta name=\"twitter:label1\" content=\"Est. reading time\" \/>\n\t<meta name=\"twitter:data1\" content=\"2 minutes\" \/>\n<script type=\"application\/ld+json\" class=\"yoast-schema-graph\">{\"@context\":\"https:\\\/\\\/schema.org\",\"@graph\":[{\"@type\":\"WebPage\",\"@id\":\"https:\\\/\\\/freixenet.com\\\/ar\\\/declaracion-de-accesibilidad\\\/\",\"url\":\"https:\\\/\\\/freixenet.com\\\/ar\\\/declaracion-de-accesibilidad\\\/\",\"name\":\"Declaraci\u00f3n de Accesibilidad - Freixenet Argentina\",\"isPartOf\":{\"@id\":\"https:\\\/\\\/freixenet.com\\\/ar\\\/#website\"},\"datePublished\":\"2025-07-28T10:05:17+00:00\",\"dateModified\":\"2025-07-28T11:04:04+00:00\",\"breadcrumb\":{\"@id\":\"https:\\\/\\\/freixenet.com\\\/ar\\\/declaracion-de-accesibilidad\\\/#breadcrumb\"},\"inLanguage\":\"es-AR\",\"potentialAction\":[{\"@type\":\"ReadAction\",\"target\":[\"https:\\\/\\\/freixenet.com\\\/ar\\\/declaracion-de-accesibilidad\\\/\"]}]},{\"@type\":\"BreadcrumbList\",\"@id\":\"https:\\\/\\\/freixenet.com\\\/ar\\\/declaracion-de-accesibilidad\\\/#breadcrumb\",\"itemListElement\":[{\"@type\":\"ListItem\",\"position\":1,\"name\":\"Home\",\"item\":\"https:\\\/\\\/freixenet.com\\\/ar\\\/\"},{\"@type\":\"ListItem\",\"position\":2,\"name\":\"Declaraci\u00f3n de Accesibilidad\"}]},{\"@type\":\"WebSite\",\"@id\":\"https:\\\/\\\/freixenet.com\\\/ar\\\/#website\",\"url\":\"https:\\\/\\\/freixenet.com\\\/ar\\\/\",\"name\":\"Freixenet Argentina\",\"description\":\"Las bodegas m\u00e1s emblem\u00e1ticas de Freixenet unen tradici\u00f3n e innovaci\u00f3n y cuentan con las cavas antiguas m\u00e1s profundas, ubicadas a 20 metros bajo tierra.\",\"publisher\":{\"@id\":\"https:\\\/\\\/freixenet.com\\\/ar\\\/#organization\"},\"potentialAction\":[{\"@type\":\"SearchAction\",\"target\":{\"@type\":\"EntryPoint\",\"urlTemplate\":\"https:\\\/\\\/freixenet.com\\\/ar\\\/?s={search_term_string}\"},\"query-input\":{\"@type\":\"PropertyValueSpecification\",\"valueRequired\":true,\"valueName\":\"search_term_string\"}}],\"inLanguage\":\"es-AR\"},{\"@type\":\"Organization\",\"@id\":\"https:\\\/\\\/freixenet.com\\\/ar\\\/#organization\",\"name\":\"Freixenet Argentina\",\"url\":\"https:\\\/\\\/freixenet.com\\\/ar\\\/\",\"logo\":{\"@type\":\"ImageObject\",\"inLanguage\":\"es-AR\",\"@id\":\"https:\\\/\\\/freixenet.com\\\/ar\\\/#\\\/schema\\\/logo\\\/image\\\/\",\"url\":\"https:\\\/\\\/freixenet.com\\\/app\\\/uploads\\\/sites\\\/11\\\/2025\\\/06\\\/freixenet-site-icon.png\",\"contentUrl\":\"https:\\\/\\\/freixenet.com\\\/app\\\/uploads\\\/sites\\\/11\\\/2025\\\/06\\\/freixenet-site-icon.png\",\"width\":512,\"height\":512,\"caption\":\"Freixenet Argentina\"},\"image\":{\"@id\":\"https:\\\/\\\/freixenet.com\\\/ar\\\/#\\\/schema\\\/logo\\\/image\\\/\"}}]}<\/script>\n<!-- \/ Yoast SEO plugin. -->","yoast_head_json":{"title":"Declaraci\u00f3n de Accesibilidad - Freixenet Argentina","robots":{"index":"index","follow":"follow","max-snippet":"max-snippet:-1","max-image-preview":"max-image-preview:large","max-video-preview":"max-video-preview:-1"},"canonical":"https:\/\/freixenet.com\/ar\/declaracion-de-accesibilidad\/","og_locale":"es_ES","og_type":"article","og_title":"Declaraci\u00f3n de Accesibilidad - Freixenet Argentina","og_description":"declaraci\u00f3n de ACCESIBILIdad","og_url":"https:\/\/freixenet.com\/ar\/declaracion-de-accesibilidad\/","og_site_name":"Freixenet Argentina","article_modified_time":"2025-07-28T11:04:04+00:00","twitter_card":"summary_large_image","twitter_misc":{"Est. reading time":"2 minutes"},"schema":{"@context":"https:\/\/schema.org","@graph":[{"@type":"WebPage","@id":"https:\/\/freixenet.com\/ar\/declaracion-de-accesibilidad\/","url":"https:\/\/freixenet.com\/ar\/declaracion-de-accesibilidad\/","name":"Declaraci\u00f3n de Accesibilidad - Freixenet Argentina","isPartOf":{"@id":"https:\/\/freixenet.com\/ar\/#website"},"datePublished":"2025-07-28T10:05:17+00:00","dateModified":"2025-07-28T11:04:04+00:00","breadcrumb":{"@id":"https:\/\/freixenet.com\/ar\/declaracion-de-accesibilidad\/#breadcrumb"},"inLanguage":"es-AR","potentialAction":[{"@type":"ReadAction","target":["https:\/\/freixenet.com\/ar\/declaracion-de-accesibilidad\/"]}]},{"@type":"BreadcrumbList","@id":"https:\/\/freixenet.com\/ar\/declaracion-de-accesibilidad\/#breadcrumb","itemListElement":[{"@type":"ListItem","position":1,"name":"Home","item":"https:\/\/freixenet.com\/ar\/"},{"@type":"ListItem","position":2,"name":"Declaraci\u00f3n de Accesibilidad"}]},{"@type":"WebSite","@id":"https:\/\/freixenet.com\/ar\/#website","url":"https:\/\/freixenet.com\/ar\/","name":"Freixenet Argentina","description":"Las bodegas m\u00e1s emblem\u00e1ticas de Freixenet unen tradici\u00f3n e innovaci\u00f3n y cuentan con las cavas antiguas m\u00e1s profundas, ubicadas a 20 metros bajo tierra.","publisher":{"@id":"https:\/\/freixenet.com\/ar\/#organization"},"potentialAction":[{"@type":"SearchAction","target":{"@type":"EntryPoint","urlTemplate":"https:\/\/freixenet.com\/ar\/?s={search_term_string}"},"query-input":{"@type":"PropertyValueSpecification","valueRequired":true,"valueName":"search_term_string"}}],"inLanguage":"es-AR"},{"@type":"Organization","@id":"https:\/\/freixenet.com\/ar\/#organization","name":"Freixenet Argentina","url":"https:\/\/freixenet.com\/ar\/","logo":{"@type":"ImageObject","inLanguage":"es-AR","@id":"https:\/\/freixenet.com\/ar\/#\/schema\/logo\/image\/","url":"https:\/\/freixenet.com\/app\/uploads\/sites\/11\/2025\/06\/freixenet-site-icon.png","contentUrl":"https:\/\/freixenet.com\/app\/uploads\/sites\/11\/2025\/06\/freixenet-site-icon.png","width":512,"height":512,"caption":"Freixenet Argentina"},"image":{"@id":"https:\/\/freixenet.com\/ar\/#\/schema\/logo\/image\/"}}]}},"_links":{"self":[{"href":"https:\/\/freixenet.com\/ar\/wp-json\/wp\/v2\/pages\/6457","targetHints":{"allow":["GET"]}}],"collection":[{"href":"https:\/\/freixenet.com\/ar\/wp-json\/wp\/v2\/pages"}],"about":[{"href":"https:\/\/freixenet.com\/ar\/wp-json\/wp\/v2\/types\/page"}],"author":[{"embeddable":true,"href":"https:\/\/freixenet.com\/ar\/wp-json\/wp\/v2\/users\/2"}],"replies":[{"embeddable":true,"href":"https:\/\/freixenet.com\/ar\/wp-json\/wp\/v2\/comments?post=6457"}],"version-history":[{"count":6,"href":"https:\/\/freixenet.com\/ar\/wp-json\/wp\/v2\/pages\/6457\/revisions"}],"predecessor-version":[{"id":6481,"href":"https:\/\/freixenet.com\/ar\/wp-json\/wp\/v2\/pages\/6457\/revisions\/6481"}],"wp:attachment":[{"href":"https:\/\/freixenet.com\/ar\/wp-json\/wp\/v2\/media?parent=6457"}],"curies":[{"name":"wp","href":"https:\/\/api.w.org\/{rel}","templated":true}]}}

Declaración de Accesibilidad

<div class="wp-block-group is-vertical is-content-justification-center is-nowrap is-layout-flex wp-container-core-group-is-layout-a31effde wp-block-group-is-layout-flex">
<h2 class="wp-block-heading has-text-align-center has-secondary-color has-text-color has-link-color has-heading-4-xl-font-size wp-elements-897320d5658166d8f60564b9d412e7f5" style="text-transform:uppercase"><mark class="has-inline-color has-current-color">declaración de </mark><br><em>ACCESIBILIdad</em></h2>
</div>


<div class="wp-bootstrap-blocks-container container">
	

<div style="height:100px" aria-hidden="true" class="wp-block-spacer"></div>



<p class="has-text-align-left">En Freixenet estamos comprometidos en ofrecer un sitio web accesible que garantice la igualdad de acceso y uso a todas las personas, incluidas aquellas con discapacidad. Este sitio web se ha diseñado y desarrollado conforme a las Pautas de Accesibilidad al Contenido en la Web (WCAG) 2.1, con nivel de conformidad AA, conforme a los criterios establecidos por el W3C (Consorcio de la Word Wide Web)</p>



<div style="height:100px" aria-hidden="true" class="wp-block-spacer"></div>



<p class="has-text-align-left"><mark class="has-inline-color has-accent-dim-800-color"><strong>ESTADO DE CONFORMIDAD<br></strong></mark>Actualmente, este sitio es parcialmente conforme con las WCAG 2.1 nivel AA. Aunque se han implementado numerosas mejoras, es posible que algunos contenidos aún no se hayan adaptado completamente a los estándares de accesibilidad más estrictos. Para mejorar continuamente la accesibilidad de nuestra web, contamos con el apoyo de profesionales especializados y realizamos revisiones periódicas del sitio. Nuestro objetivo es mantener un nivel de conformidad sustancial y continuar avanzando hacia una accesibilidad plena. Estamos trabajando activamente para solucionar los contenidos y elementos que pueden no ser plenamente accesibles y mejorar la experiencia de todos los usuarios.</p>



<div style="height:100px" aria-hidden="true" class="wp-block-spacer"></div>



<p class="has-text-align-left"><strong>FECHA DE LA ÚLTIMA REVISIÓN<br></strong>La última revisión de accesibilidad del sitio web se realizó el 25 de junio de 2025, mediante una evaluación interna con el apoyo de herramientas automáticas y pruebas manuales de navegación.</p>



<div style="height:100px" aria-hidden="true" class="wp-block-spacer"></div>



<p class="has-text-align-left"><strong>CONTACTO PARA COMUNICACIONES RELACIONADAS CON ACCESIBILIDAD<br></strong>Si tienes dificultades con cualquier contenido o ayuda con cualquier parte de nuestro sitio web, detectas alguna incidencia o deseas sugerir mejoras, por favor contáctanos al correo electrónico: freixenet@freixenet.com.</p>



<div style="height:100px" aria-hidden="true" class="wp-block-spacer"></div>



<p class="has-text-align-left">Nos comprometemos a aplicar un protocolo de respuesta ágil para atender todas las solicitudes relacionadas con accesibilidad.</p>

</div>

<p>declaración de ACCESIBILIdad</p>

<!-- This site is optimized with the Yoast SEO plugin v27.4 - https://yoast.com/product/yoast-seo-wordpress/ -->
<title>Declaración de Accesibilidad - Freixenet Argentina</title>
<meta name="robots" content="index, follow, max-snippet:-1, max-image-preview:large, max-video-preview:-1" />
<link rel="canonical" href="https://freixenet.com/ar/declaracion-de-accesibilidad/" />
<meta property="og:locale" content="es_ES" />
<meta property="og:type" content="article" />
<meta property="og:title" content="Declaración de Accesibilidad - Freixenet Argentina" />
<meta property="og:description" content="declaración de ACCESIBILIdad" />
<meta property="og:url" content="https://freixenet.com/ar/declaracion-de-accesibilidad/" />
<meta property="og:site_name" content="Freixenet Argentina" />
<meta property="article:modified_time" content="2025-07-28T11:04:04+00:00" />
<meta name="twitter:card" content="summary_large_image" />
<meta name="twitter:label1" content="Est. reading time" />
	<meta name="twitter:data1" content="2 minutes" />
<script type="application/ld+json" class="yoast-schema-graph">{"@context":"https:\/\/schema.org","@graph":[{"@type":"WebPage","@id":"https:\/\/freixenet.com\/ar\/declaracion-de-accesibilidad\/","url":"https:\/\/freixenet.com\/ar\/declaracion-de-accesibilidad\/","name":"Declaración de Accesibilidad - Freixenet Argentina","isPartOf":{"@id":"https:\/\/freixenet.com\/ar\/#website"},"datePublished":"2025-07-28T10:05:17+00:00","dateModified":"2025-07-28T11:04:04+00:00","breadcrumb":{"@id":"https:\/\/freixenet.com\/ar\/declaracion-de-accesibilidad\/#breadcrumb"},"inLanguage":"es-AR","potentialAction":[{"@type":"ReadAction","target":["https:\/\/freixenet.com\/ar\/declaracion-de-accesibilidad\/"]}]},{"@type":"BreadcrumbList","@id":"https:\/\/freixenet.com\/ar\/declaracion-de-accesibilidad\/#breadcrumb","itemListElement":[{"@type":"ListItem","position":1,"name":"Home","item":"https:\/\/freixenet.com\/ar\/"},{"@type":"ListItem","position":2,"name":"Declaración de Accesibilidad"}]},{"@type":"WebSite","@id":"https:\/\/freixenet.com\/ar\/#website","url":"https:\/\/freixenet.com\/ar\/","name":"Freixenet Argentina","description":"Las bodegas más emblemáticas de Freixenet unen tradición e innovación y cuentan con las cavas antiguas más profundas, ubicadas a 20 metros bajo tierra.","publisher":{"@id":"https:\/\/freixenet.com\/ar\/#organization"},"potentialAction":[{"@type":"SearchAction","target":{"@type":"EntryPoint","urlTemplate":"https:\/\/freixenet.com\/ar\/?s={search_term_string}"},"query-input":{"@type":"PropertyValueSpecification","valueRequired":true,"valueName":"search_term_string"}}],"inLanguage":"es-AR"},{"@type":"Organization","@id":"https:\/\/freixenet.com\/ar\/#organization","name":"Freixenet Argentina","url":"https:\/\/freixenet.com\/ar\/","logo":{"@type":"ImageObject","inLanguage":"es-AR","@id":"https:\/\/freixenet.com\/ar\/#\/schema\/logo\/image\/","url":"https:\/\/freixenet.com\/app\/uploads\/sites\/11\/2025\/06\/freixenet-site-icon.png","contentUrl":"https:\/\/freixenet.com\/app\/uploads\/sites\/11\/2025\/06\/freixenet-site-icon.png","width":512,"height":512,"caption":"Freixenet Argentina"},"image":{"@id":"https:\/\/freixenet.com\/ar\/#\/schema\/logo\/image\/"}}]}</script>
<!-- / Yoast SEO plugin. -->

Declaración de Accesibilidad - Freixenet Argentina

declaración de ACCESIBILIdad

Las bodegas más emblemáticas de Freixenet unen tradición e innovación y cuentan con las cavas antiguas más profundas, ubicadas a 20 metros bajo tierra.
